pose -5*n = 10, 0*u - 2*n = -4*u + 32. Let b = u - -24. Calculate the remainder when b is divided by d.
14
Suppose t + 32 = 2*b, 44*t + 22 = 3*b + 49*t. What is the remainder when 106 is divided by b?
8
Let n be (1 + 1)/(((-56)/(-692))/7). Let f = -304 - -182. Let v = f + n. Calculate the remainder when 98 is divided by v.
47
Let l = 472 - -278. Calculate the remainder when l is divided by 13.
9
Suppose 0 = -62*f + 63*f. Let k(m) = m**2 + 2*m + 4. Let w be k(f). Suppose h - w*u = 28, -h - 4 - 3 = 3*u. What is the remainder when 71 is divided by h?
7
Suppose 132*q - 134*q = 3*b - 3074, q - 6*b = 1492. What is the remainder when 4593 is divided by q?
9
Let x = -10 - -8. Let s(v) = -20*v + 2 - 3 - 4 - 5. What is the remainder when s(x) is divided by 11?
8
Let h(w) = -255*w + 7 + 298*w + 9. Suppose j + 3*p - 3 = 0, -5*j = -4*p + 43 - 134. Calculate the remainder when h(1) is divided by j.
14
What is the remainder when 637 is divided by (-10)/(-25) + 64/40 + 122?
17
Suppose -j = 4, 69*m - j - 204 = 65*m. Suppose 0 = -4*v - 24 + 76. What is the remainder when m is divided by v?
11
Suppose 0*j + 1632 = 13*j + 89*j. Calculate the remainder when 1278 is divided by j.
14
What is the remainder when 1505 is divided by 14 - -2 - (-420)/35?
21
Suppose 2*n - 125 = -17. What is the remainder when n is divided by 10/20*42/7?
0
Let s(j) = j**2 + 2*j. Let a(o) = -37*o**3 - 6*o**2 - 11*o - 1. Let t(n) = a(n) + 4*s(n). Calculate the remainder when t(-1) is divided by 19.
18
Let z be ((10 - 4)/3)/(6/147). Let r(h) = z - 31 + 2*h - 25. Calculate the remainder when 34 is divided by r(6).
4
Suppose -1048 = 9*v - 1192. Calculate the remainder when 1322 is divided by v.
10
Suppose 5*v = 4841 + 8234. Calculate the remainder when v is divided by 77.
74
Let o be (644/115 - (-2)/5) + -32. Suppose 23 = 2*b - b. Calculate the remainder when (0 - (-88)/3)*(-23 - o) is divided by b.
19
Let g = 24926 - 23621. What is the remainder when g is divided by 70?
45
Calculate the remainder when 563 is divided by -10*(-7)/(-28)*3336/(-30).
7
What is the remainder when 348 is divided by (-1640)/(-80) + (-5)/(-10)?
12
What is the remainder when 341 is divided by (-2)/13 - 44440/(-715)?
31
Suppose 1757 + 6943 = 67*h - 10. Let z(n) = n**3 + 6*n**2 - 4*n - 2. Let y be z(-6). Calculate the remainder when h is divided by y*-2*(-6)/8.
31
Let d = 1675 + -1660. Let v(w) be the second derivative of w**3 - 47*w**2/2 + w. What is the remainder when v(d) is divided by 9?
7
Let c = 857 + -397. Let d = 526 - c. Calculate the remainder when d is divided by 5.
1
Let v = -41825 - -41919. Suppose 0 = 2*p - 3*k - 106, 0 = 3*p - p + 2*k - 96. Let r = -31 + p. What is the remainder when v is divided by r?
18
Let v(i) = 6*i - 29. Let g be v(7). Suppose -g*j = -2*j - 440. Calculate the remainder when j is divided by 3.
1
Let m(v) = 7*v**3 + v**2. Let u be m(1). Suppose u + 1 = 3*o. What is the remainder when 13/((-130)/(-105))*(-8)/(-6) is divided by o?
2
Let s = -3573 + 3862. Calculate the remainder when s is divided by 69.
13
Let x be -1 + 5 + -3 - (7 - -1). Let g(h) = h**2 + 5*h + 66. Calculate the remainder when g(x) is divided by 17.
12
Let v(s) = s**2 - 48*s + 598. What is the remainder when 32 is divided by v(27)?
1
Suppose -8*z + 140 = 2*z. Suppose -y = -4, s - 5 = 4*y - z. Suppose -s*l + 175 = -2*l. Calculate the remainder when 67 is divided by l.
32
Suppose v = -3*w - v + 313, 4*w - v - 410 = 0. Suppose a - 4*r = 38, 10 = a + 317*r - 314*r. Calculate the remainder when w is divided by a.
15
Let s(o) = 0*o - 5*o**3 + 2*o - 2*o**2 + 0*o + 1. Suppose -5*r = 5*b - 825, -33*r - 2*b + 843 = -28*r. What is the remainder when r is divided by s(-2)?
26
Let p(s) = 584*s + 1204. What is the remainder when 316 is divided by p(-2)?
28
Let r(k) = 12*k**2 + 85*k - 171. Let p = -38 - -55. What is the remainder when r(2) is divided by p?
13
Let k(f) = -2*f**3 + 8*f**2 - 8*f - 13. Let z be k(6). Let l = -61 - z. What is the remainder when 89 is divided by 3*-1 + l/9?
11
Suppose 44*v = 39*v + 5*f + 40, 0 = 3*v + 5*f + 8. Calculate the remainder when 295 is divided by (((-192)/(-4))/v)/((-24)/(-18)).
7
Let x = -225 - -343. Suppose 4*b - 3*c = 428, 0*b + 2*c - x = -b. What is the remainder when b is divided by 49?
12
Suppose 33*s - 2045 = 1189. What is the remainder when s is divided by 22?
10
Suppose -3*b = 2*w + w - 39, 5*b + 97 = 4*w. Let f(r) = 14 - 53 - 2*r + 9*r - 4*r. What is the remainder when 27 is divided by f(w)?
12
Let d be (-1056)/(-33)*(-1 - 5/(-2)). Let z = -35 + d. Calculate the remainder when 87 is divided by z.
9
Suppose 866 = -5*c + 41. Let n = 258 + c. Calculate the remainder when n is divided by 21.
9
Let r = 2908 + -2905. Suppose z = 2 + 131. Suppose -4*g + z = r*g. What is the remainder when g is divided by 10?
9
Let c = 65 + -56. Let g(a) = 6*a - 41. What is the remainder when 38 is divided by g(c)?
12
Suppose 7*z + 86*z - 79608 = 0. What is the remainder when z is divided by 168?
16
Let x = 109 + -43. Let z be (-2 - -10)/((-1)/6). Let i = x + z. What is the remainder when 71 is divided by i?
17
Suppose 10*l + 117 = 317. Let d = 1 + l. Calculate the remainder when (-3 + 1)/(2/(-206)*2) is divided by d.
19
Suppose -3479 = f - 20*f - 724. What is the remainder when f is divided by 7?
5
What is the remainder when 270 is divided by ((-247)/(-13))/((-4)/(-16))?
42
Calculate the remainder when (-231)/63*(-15)/1 is divided by 25 + -5 + 5/(25/(-10)).
1
Let s(c) = c**2 - 6*c - 8. Let k = -7 - -98. What is the remainder when k is divided by s(10)?
27
Suppose -5*m + 5 = -25. Let h be 18 + (17/5 - m/15). Let w(x) = x**2 - 15*x + 31. What is the remainder when w(h) is divided by 16?
13
Let f be ((-81)/72)/((-1)/8). What is the remainder when 8524/36 + 2/f is divided by 35?
27
Let w(o) = o**2 - 56. Let j be w(8). Suppose 4*s = -r - 6, -4*r - s + 29 - j = 0. Calculate the remainder when 46 is divided by r.
4
Suppose 23*h + 799 = 70*h. Calculate the remainder when 982 is divided by h.
13
Let g = 26 - -12. Let m = g - 35. Suppose -3*p + 4*c = -2*p - 34, -m*c = -p + 30. What is the remainder when 33 is divided by p?
15
Let z be (-6)/(-3) + (-16)/(-8). Suppose -2*l - 2*s = -34, l - 4*l - z*s + 56 = 0. Suppose 16 - 1 = 3*x. Calculate the remainder when l is divided by x.
2
Let r be (-16)/6*(2 - 5). Let k = 47 - r. Let m(g) = 5*g + 29. What is the remainder when k is divided by m(-3)?
11
Suppose -481 = 475*x - 488*x. Let o = 28 + -7. What is the remainder when x is divided by o?
16
Let u(f) = -f**3 + 14*f**2 - 19*f - 9. Let v be u(5). Suppose 4*z - 4 = 0, 3*z + v = 2*g - 2*z. Calculate the remainder when g is divided by 24.
15
Let k = 30 - 27. Suppose 0 = 2*h + k*h - 10. Suppose -y = h*q - 46, -5*y + 3*q + 2*q + 290 = 0. Calculate the remainder when y is divided by 19.
16
Let v(k) = -407*k**2 - 5699*k + 9. Suppose -l + 1305 = 2*l. Calculate the remainder when l is divided by v(-14).
21
Let s(i) = -2*i + 13. Let w be s(6). What is the remainder when (w + 10)/((-5)/(-15)) is divided by 17?
16
What is the remainder when 0 - -178 - (-100)/(-180)*9 is divided by 30?
23
Let y be (15/20)/((-4)/(-6080)). What is the remainder when 107 is divided by ((-6)/4)/(6*(-5)/y)?
50
Let d = 15 - 4. Let h(s) = -130*s + 2342. What is the remainder when d is divided by h(18)?
1
Let y = -7 + 13. Suppose -5*k = -114 - y. Let u = k + 6. What is the remainder when u is divided by 11?
8
Let h = -777 - -791. Suppose -215 = -h*c + 205. What is the remainder when 297 is divided by c?
27
Let o(w) = w**2 + w + 3. Suppose 16 = -3*k + 4. Let u = -410 - -483. What is the remainder when u is divided by o(k)?
13
Let q(u) = 5*u - 125. Let h = -169 - -198. What is the remainder when 377 is divided by q(h)?
17
Suppose -25*q = -111 - 389. Calculate the remainder when 17799 is divided by q.
19
Suppose -208239 = 43*r - 571519 - 245385. Calculate the remainder when r is divided by 121.
119
Let g(b) = b**3 + 59*b**2 - 128*b - 318. What is the remainder when 546 is divided by g(-61)?
18
Let y(d) = 2*d**2 - 12 + 5*d**2 - 6*d - 2*d**2 - 2*d. Let j be y(-6). Let f = -120 + j. Calculate the remainder when f is divided by 25.
21
Suppose 0 = -4*x - 4 + 72. Let k = x + 43. Suppose 40 = k*h - 58*h. What is the remainder when 38 is divided by h?
18
Let o = 188 - 19. Wh